w = -z + 2072, -s*z - 552 - 2025 = -5*w. Is w a composite number?
True
Let y = -12 - -16. Suppose -4*v = -y*m - 114460, -m - 5*v - 8006 = 20639. Is 1/2 - m/24 a prime number?
True
Let j = 1340454 + -924851. Is j a composite number?
False
Suppose -14011 = 5*k - 63766. Let i = k + -5832. Is i a composite number?
True
Let o = 121 - 209. Suppose -2*v = 2*u + 120, -9*v + 2*u = -5*v + 204. Let k = v - o. Is k a prime number?
False
Suppose -5*i = -12 - 28. Suppose 0 = -y - i*y + 72. Let m = y - -5. Is m prime?
True
Let f(i) = -i**3 + 6*i**2 + 7*i + 5. Let d be f(7). Suppose 5*q - 98710 = -3*j, 13*j - 14*j + d = 0. Is q a prime number?
True
Let t be 1/(18/(-20) - -1). Let z be 6*t/(-45)*3. Is 1 - (z/30 + 37142/(-210)) a composite number?
True
Suppose -868*h + 836*h + 85472 = 0. Is h composite?
False
Let d be ((-8)/(-3) + 0)/((-32)/(-371760)). Suppose 156*f - 160*f + d = 0. Is f prime?
False
Suppose 81 = -g - 890. Let v be (0 - 1)/((-100)/(-15) - 7). Is 3 + (-3)/(9/v) - g a prime number?
False
Suppose 538*c = 524*c + 500318. Is c a composite number?
True
Let a(v) = -9*v**3 - 69*v**2 - 838*v + 27. Is a(-38) a prime number?
False
Let p(a) = a**2 + a + 1543. Suppose 7*v + 924 = 14*v. Let j = 132 - v. Is p(j) a prime number?
True
Let x = -346 - -964. Let o = x + -359. Suppose -y + o = 5*g - 82, -4*g = 2*y - 670. Is y a composite number?
False
Let p(d) be the second derivative of -1/5*d**5 - 5/2*d**2 + 37*d + 1/2*d**4 - 4/3*d**3 + 0. Is p(-4) composite?
False
Let w(h) = 38*h. Let a be w(1). Let o be a/(((-12)/18)/((-6)/9)). Is 3/((-9)/4)*(-627)/o a composite number?
True
Suppose -3*p - 2*p - 4*c = -30, -2*c = -p - 8. Suppose -1463 = -2*i - t + p*t, -2*i - 2*t = -1460. Is i prime?
False
Let d = -34 - -29. Suppose -i - 96 = j, -2*i + 122 = -5*j + 307. Is i/d - (-16)/(-4) composite?
True
Let i be (4/(-6))/((-6)/(-36)) + 8. Suppose -2*b = -4*b - y + 18587, 0 = 3*b - i*y - 27875. Is b a prime number?
True
Is 6 + -5 + 5 + (5 + -4 - -2820) composite?
True
Is 5693562/40 + 127/(-2540) a prime number?
False
Let k(l) = 206*l + 61. Is k(47) a prime number?
True
Let n(g) = 1072*g**2 - 7*g - 11. Is n(-6) prime?
False
Let h(w) = 29622*w - 2461. Is h(5) a composite number?
True
Suppose 295 = 4*w - 1361. Let o(s) = -s**2 + 20*s + 1130. Let j be o(-25). Suppose -2*i = -0*v - 2*v - w, -20 = -j*v. Is i composite?
False
Suppose -5*u + 4*w + 341535 = 0, 180*u - 183*u - w + 204921 = 0. Is u prime?
False
Suppose -12*j + 2343 = -9*j + 3*c, -4*j = -5*c - 3142. Suppose -4*u + j = -1225. Is u a composite number?
True
Suppose 46*m = 3*m - 29*m + 15913512. Is m composite?
False
Let j(d) = 47*d**2 + 24*d - 36. Let y be j(16). Let c = 22193 - y. Is c prime?
False
Let a(m) = 8654*m + 4473. Is a(31) a composite number?
True
Suppose 4*m - 5016 = 5*w, 5*m - 2*w - 9728 = -3441. Is m a composite number?
False
Let q = 16 + -15. Suppose -3*m + 11 = -q, -4*m + 34 = 2*r. Suppose 0 = r*t - 9126 + 1017. Is t a prime number?
False
Suppose 57*b - 325940 = -312661 + 1364012. Is b a prime number?
False
Is 3/15*1191555/(-36)*-4 prime?
True
Suppose -8 = -4*r, -11 = 4*x + r + 15. Let q be 1 + -2 - (190 - (x - 0)). Let k = q - -584. Is k composite?
True
Suppose -456*w = -453*w - 504381. Is w a prime number?
True
Suppose -2*z + 66825 = m, 3*m - 141271 = -z + 59174. Is m composite?
True
Let p be 5 - (-5 + 5)/1. Let r be 6/(-5) - -1 - (-21)/p. Suppose 0 = -x - r*h + 477, 1510 = 4*x - 3*h - 474. Is x a prime number?
False
Suppose 17*m = 774545 + 497820. Is m prime?
False
Let w be (-9)/(-2)*(-418)/3. Is 0 + 2 + 2 + (0 - w) prime?
True
Let x(d) = -1455*d**2 + 16*d + 4. Let g(j) = 291*j**2 - 3*j - 1. Let z(w) = 11*g(w) + 2*x(w). Is z(-2) a prime number?
True
Let q = -428748 + 727127. Is q prime?
False
Let u be ((9 - 4)/(-10)*12)/(-2). Suppose u*d - 4372 = 12245. Is d a prime number?
False
Let m(q) = 12*q**2 + 14*q + 24. Let u be m(-18). Suppose 0 = -6*a + 16*a + u. Let o = 529 + a. Is o composite?
False
Suppose 18*b - 1819325 = 1967893. Is b a prime number?
True
Let c(o) = 2*o**2 - o - 20 + 7 + 5*o**2. Let y(d) = -d**2 + 6*d + 2. Let g be y(5). Is c(g) a prime number?
False
Suppose -10*a = 1404 - 16744. Suppose k + 4*w = -a, 7595 = -5*k - 2*w - 3*w. Is (-2)/(6060/k + 4) a prime number?
True
Let o(y) = 48642*y + 4933. Is o(37) a prime number?
True
Let f(g) be the third derivative of -3*g**4/4 - 5*g**3/2 + 27*g**2 - 2*g. Suppose -12 = l - 2*w - 2*w, -5*l + 5*w = 60. Is f(l) composite?
True
Suppose 4*q - 226488 = 4*b, 99758 = 2*q + 3*b - 13461. Is q a composite number?
True
Suppose -l - 96424 = -2*b, -8*b + 10*b + l - 96436 = 0. Is b a prime number?
False
Suppose -2*w + 40 = 14. Suppose 37*i - 10344 = w*i. Is i a prime number?
True
Let t(a) = a**3 + a**2 - a + 4. Let d be t(-2). Let g(w) = -17 + 5*w**d - 4*w - 2*w + 5. Is g(-9) a composite number?
True
Suppose 0 = -4*g - 0*g + 16. Let q(m) = -4 - 10 + 13 + 13*m**3 + g*m - m**2. Is q(3) a prime number?
True
Let i be (-56)/(-10)*3011 - (-147)/(-245). Let s = -5648 + i. Is s a prime number?
True
Suppose 5*z = 5*f - 10, 5*f + 0*z - 16 = 2*z. Suppose 2127 + 4013 = 4*x + f*s, 2*s = 0. Is x a prime number?
False
Suppose 3*j - 2*q - 67 = 2*q, q = -3*j + 62. Let k be 9*(-1)/(-21) + 64839/j. Suppose 4*z - 4564 = k. Is z a composite number?
False
Suppose 2*h + 46 = 5*v, 2*h - 21 = -3*v - 3. Suppose 17*n - 8525 = -v*n. Is n prime?
False
Suppose -6609*f - 804903 = -6620*f. Is f composite?
True
Let i(c) = -5*c**2 - 2*c - 1. Let k be i(-1). Let u(j) = 54*j**2 + 13 + 46*j + 37*j - 77*j. Is u(k) a composite number?
False
Suppose 0 = 98*j + 63*j - 20243657. Is j prime?
True
Is (-82 - (1 - 0))*(-4609)/11 prime?
False
Let u(l) = -34*l + 11. Suppose 0 = 2*k - 3*i + 9, -3*k - 2*k - 3*i + 9 = 0. Suppose k = 10*h + 38 + 22. Is u(h) prime?
False
Let o(s) = -4*s**2 + 13*s + 2. Let x be o(6). Let t = x - -1167. Is t prime?
True
Let y(w) = -365*w - 67 - 243*w + 169*w - 395*w. Is y(-6) composite?
False
Let v be 2/(-3) - (-1)/((-9)/(-186)). Suppose -8*h + 10*h = v. Suppose -h*u = -252 - 88. Is u a composite number?
True
Let f = -14 + 8. Let l be 12/(-5) + f/(-15). Is l/(-8)*2 + (-1034)/(-4) composite?
True
Suppose -30*s + 26248 - 3685 = 39*s. Is s a composite number?
True
Let v = 2331361 - -144760. Is v a prime number?
True
Suppose i - 51 = -4*i - 4*h, 5*i = -3*h + 47. Let z(u) = 7*u**2 - 7*u + 17. Let l be z(i). Let b = -184 + l. Is b prime?
True
Let b(t) = 16*t + 1. Let l be b(-5). Let h = 173 + l. Let n = h + -56. Is n prime?
False
Let g be 0/((2 - 0/(-3))/1). Suppose g = -7*c - 33494 + 137437. Is c a composite number?
True
Let i(t) = 24545*t + 3672. Is i(10) a composite number?
True
Suppose 17837530 = 50*p + 33*p + 83*p. Is p a composite number?
True
Suppose 0 = 5*y - 480676 + 167081. Suppose -19*k + y + 32604 = 0. Is k a prime number?
False
Let d = -18544 - -5934. Let a = 24931 + d. Is (-4)/(-14) - a/(-21) prime?
True
Is ((-48368464)/1032)/(4/22 + (-84)/99) composite?
True
Suppose -4 = 4*l, -67830 = -5*r - 7*l + 2*l. Is r a composite number?
False
Let r(o) = -6*o**3 + 36*o**2 + 93*o + 11. Is r(-14) composite?
False
Let n(o) be the second derivative of 2713*o**3/6 + 5*o**2 - 11*o. Is n(1) a prime number?
False
Let g(z) = z**2 - 12*z + 40. Let c = 24 + -16. Let j be g(c). Suppose j*n + 826 = 4*x + 3*n, 5*n = x - 199. Is x a prime number?
False
Let z = 173009 + 20790. Is z composite?
False
Let l = -1235 - -301. Let s be l*(-3 - (-15)/10). Let i = -692 + s. Is i a prime number?
True
Suppose -3*d = -o - 6*d + 12, -4*o = -d - 9. Let i be 8/6*o - -19938. Let y = i - 11279. Is y prime?
True
Let t = 1163593 - 816842. Is t a composite number?
False
Let x = 116635 + -50768. Is x a prime number?
True
Let y be (105/10)/(0 - (-3)/8). Suppose -3*m = 22 - y. Suppose -2*t + 112 = j + 2*j, 114 = m*t + 2*j. Is t prime?
True
Let w be 36/18*(675 - (2 + 0)). Let l = -595 + w. Is l composite?
False
Suppose -387 = k - 4*k. Suppose 0 = 17*p + 2214 + 1186. Let z = k - p. Is z prime?
False
Suppose 0 = h - 0*h + j + 13, -h - 3*j = 11. Let t be (-70622)/h - (-39)/(-91). Let w = -3303 + t. Is w prime?
True
Let k be (8 - 9) + (-326)/(-2). Is 2/9 + 178650/k a composite number?
False
Suppose -142 = -3*z - 5*y, -5*y + 3*y = -4. Let q = z - 42. Suppose -5*b + 0*b - 5*w + 3140 = 0, 4*b - 2518 = -q*w. Is b prime?
True
Suppo